{"id":103,"date":"2020-03-06T17:10:15","date_gmt":"2020-03-06T17:10:15","guid":{"rendered":"https:\/\/frerichs-fotoart.de\/?page_id=103"},"modified":"2024-12-27T13:38:34","modified_gmt":"2024-12-27T12:38:34","slug":"profil","status":"publish","type":"page","link":"https:\/\/frerichs-fotoart.de\/index.php\/profil\/","title":{"rendered":"Profil"},"content":{"rendered":"<div class=\"wp-block-image\">\n<figure class=\"alignleft size-full is-resized\"><img loading=\"lazy\" decoding=\"async\" width=\"250\" height=\"375\" src=\"https:\/\/frerichs-fotoart.de\/wp-content\/uploads\/2024\/12\/STU4516_kl_300.jpg\" alt=\"\" class=\"wp-image-742\" style=\"width:auto;height:250px\" srcset=\"https:\/\/frerichs-fotoart.de\/wp-content\/uploads\/2024\/12\/STU4516_kl_300.jpg 250w, https:\/\/frerichs-fotoart.de\/wp-content\/uploads\/2024\/12\/STU4516_kl_300-200x300.jpg 200w\" sizes=\"auto, (max-width: 250px) 100vw, 250px\" \/><\/figure>\n<\/div>\n\n\n<p> Moin,<\/p>\n\n\n\n<p>so gr\u00fc\u00dft man sich hier in Ostfriesland, denn diese Region nenne ich seit \u00fcber 45 Jahren mein Zuhause. <\/p>\n\n\n\n<p>Viele fragen mich: &#8222;Wie bist du eigentlich zur Fotografie gekommen?&#8220;. Die Antwort darauf ist so ungew\u00f6hnlich wie das sprichw\u00f6rtliche Pferd vor der Apotheke. Deshalb will ich Ihnen diese kleine Geschichte auch gerne erz\u00e4hlen: <\/p>\n\n\n\n<p>Im Jahre 2008 stand der Kauf einer neuen Digitalkamera an, da die alte  einfach zu langsam f\u00fcr die gelegentlichen Knipsereien geworden war. In dem \u00f6rtlichen Technikdiscounter zeigte man mir dann die verschiedenen Modelle und erkl\u00e4rte mir auch, dass eine Spiegelreflexkamera viel zu kompliziert f\u00fcr mich w\u00e4re. Als damals vertrauensvoller und ahnungsloser Kunde glaubte ich dem freundlichen Verk\u00e4ufer und konnte so bald eine Panasonic FZ18 mein eigen nennen. Eine sch\u00f6ne Kamera mit vielen bunten Einstellungsm\u00f6glichkeiten,  Motivprogrammen, Automatiken und so interessanten Sachen wie &#8222;P&#8220;, &#8222;A&#8220;,  &#8222;S&#8220; und &#8222;M&#8220;. Eine gewaltige Verbesserung im Vergleich zu meiner alten E2000 von  Nikon (wer m\u00f6chte, kann ja mal danach im Internet suchen). <\/p>\n\n\n\n<p>Ich hielt nun eine tolle neue Kamera in den H\u00e4nden und merkte, dass ich, als nicht ausgebildeter Fotograf,  damit eigentlich gar nicht umgehen konnte. Es folgte eine Lekt\u00fcre, die sich als &#8222;Z\u00fcnder&#8220; f\u00fcr mein jetziges Hobby entpuppte. In diesem Buch standen so sch\u00f6ne  Sachen wie &#8222;Sch\u00e4rfentiefe&#8220; und &#8222;Bildkomposition&#8220;. Dar\u00fcber wollte ich mehr erfahren. Es folgten weitere Buchk\u00e4ufe und auch eine gebrauchte DSLR, die ja f\u00fcr mich, entsprechend der Aussage des damaligen Verk\u00e4ufers, eigentlich viel zu kompliziert war. <\/p>\n\n\n\n<p>Das Gegenteil hat sich ergeben. Seit 2010 fotografiere ich mit der Ausr\u00fcstung von Nikon, Sigma und Metz Personen, Dinge und bei Events wie zum Beispiel Hochzeiten. Ein kleines eingerichtetes &#8222;Studio&#8220; habe ich parallel auch aufbauen k\u00f6nnen.<\/p>\n\n\n\n<p>Soviel zu der Frage, wie ich zur Fotografie gekommen bin.<\/p>\n\n\n\n<p><\/p>\n","protected":false},"excerpt":{"rendered":"<p>Moin, so gr\u00fc\u00dft man sich hier in Ostfriesland, denn diese Region nenne ich seit \u00fcber 45 Jahren mein Zuhause. Viele fragen mich: &#8222;Wie bist du eigentlich zur Fotografie gekommen?&#8220;. Die Antwort darauf ist so ungew\u00f6hnlich wie das sprichw\u00f6rtliche Pferd vor der Apotheke. Deshalb will ich Ihnen diese kleine Geschichte auch gerne erz\u00e4hlen: Im Jahre 2008 [&hellip;]<\/p>\n","protected":false},"author":1,"featured_media":0,"parent":0,"menu_order":25,"comment_status":"closed","ping_status":"closed","template":"","meta":{"ocean_post_layout":"","ocean_both_sidebars_style":"","ocean_both_sidebars_content_width":0,"ocean_both_sidebars_sidebars_width":0,"ocean_sidebar":"","ocean_second_sidebar":"","ocean_disable_margins":"enable","ocean_add_body_class":"","ocean_shortcode_before_top_bar":"","ocean_shortcode_after_top_bar":"","ocean_shortcode_before_header":"","ocean_shortcode_after_header":"","ocean_has_shortcode":"","ocean_shortcode_after_title":"","ocean_shortcode_before_footer_widgets":"","ocean_shortcode_after_footer_widgets":"","ocean_shortcode_before_footer_bottom":"","ocean_shortcode_after_footer_bottom":"","ocean_display_top_bar":"default","ocean_display_header":"default","ocean_header_style":"","ocean_center_header_left_menu":"","ocean_custom_header_template":"","ocean_custom_logo":0,"ocean_custom_retina_logo":0,"ocean_custom_logo_max_width":0,"ocean_custom_logo_tablet_max_width":0,"ocean_custom_logo_mobile_max_width":0,"ocean_custom_logo_max_height":0,"ocean_custom_logo_tablet_max_height":0,"ocean_custom_logo_mobile_max_height":0,"ocean_header_custom_menu":"","ocean_menu_typo_font_family":"","ocean_menu_typo_font_subset":"","ocean_menu_typo_font_size":0,"ocean_menu_typo_font_size_tablet":0,"ocean_menu_typo_font_size_mobile":0,"ocean_menu_typo_font_size_unit":"px","ocean_menu_typo_font_weight":"","ocean_menu_typo_font_weight_tablet":"","ocean_menu_typo_font_weight_mobile":"","ocean_menu_typo_transform":"","ocean_menu_typo_transform_tablet":"","ocean_menu_typo_transform_mobile":"","ocean_menu_typo_line_height":0,"ocean_menu_typo_line_height_tablet":0,"ocean_menu_typo_line_height_mobile":0,"ocean_menu_typo_line_height_unit":"","ocean_menu_typo_spacing":0,"ocean_menu_typo_spacing_tablet":0,"ocean_menu_typo_spacing_mobile":0,"ocean_menu_typo_spacing_unit":"","ocean_menu_link_color":"","ocean_menu_link_color_hover":"","ocean_menu_link_color_active":"","ocean_menu_link_background":"","ocean_menu_link_hover_background":"","ocean_menu_link_active_background":"","ocean_menu_social_links_bg":"","ocean_menu_social_hover_links_bg":"","ocean_menu_social_links_color":"","ocean_menu_social_hover_links_color":"","ocean_disable_title":"default","ocean_disable_heading":"default","ocean_post_title":"","ocean_post_subheading":"","ocean_post_title_style":"","ocean_post_title_background_color":"","ocean_post_title_background":0,"ocean_post_title_bg_image_position":"","ocean_post_title_bg_image_attachment":"","ocean_post_title_bg_image_repeat":"","ocean_post_title_bg_image_size":"","ocean_post_title_height":0,"ocean_post_title_bg_overlay":0.5,"ocean_post_title_bg_overlay_color":"","ocean_disable_breadcrumbs":"default","ocean_breadcrumbs_color":"","ocean_breadcrumbs_separator_color":"","ocean_breadcrumbs_links_color":"","ocean_breadcrumbs_links_hover_color":"","ocean_display_footer_widgets":"default","ocean_display_footer_bottom":"default","ocean_custom_footer_template":"","footnotes":""},"class_list":["post-103","page","type-page","status-publish","hentry","entry"],"_links":{"self":[{"href":"https:\/\/frerichs-fotoart.de\/index.php\/wp-json\/wp\/v2\/pages\/103","targetHints":{"allow":["GET"]}}],"collection":[{"href":"https:\/\/frerichs-fotoart.de\/index.php\/wp-json\/wp\/v2\/pages"}],"about":[{"href":"https:\/\/frerichs-fotoart.de\/index.php\/wp-json\/wp\/v2\/types\/page"}],"author":[{"embeddable":true,"href":"https:\/\/frerichs-fotoart.de\/index.php\/wp-json\/wp\/v2\/users\/1"}],"replies":[{"embeddable":true,"href":"https:\/\/frerichs-fotoart.de\/index.php\/wp-json\/wp\/v2\/comments?post=103"}],"version-history":[{"count":13,"href":"https:\/\/frerichs-fotoart.de\/index.php\/wp-json\/wp\/v2\/pages\/103\/revisions"}],"predecessor-version":[{"id":740,"href":"https:\/\/frerichs-fotoart.de\/index.php\/wp-json\/wp\/v2\/pages\/103\/revisions\/740"}],"wp:attachment":[{"href":"https:\/\/frerichs-fotoart.de\/index.php\/wp-json\/wp\/v2\/media?parent=103"}],"curies":[{"name":"wp","href":"https:\/\/api.w.org\/{rel}","templated":true}]}}

<div class="wp-block-image">
<figure class="alignleft size-full is-resized"><img loading="lazy" decoding="async" width="250" height="375" src="https://frerichs-fotoart.de/wp-content/uploads/2024/12/STU4516_kl_300.jpg" alt="" class="wp-image-742" style="width:auto;height:250px" srcset="https://frerichs-fotoart.de/wp-content/uploads/2024/12/STU4516_kl_300.jpg 250w, https://frerichs-fotoart.de/wp-content/uploads/2024/12/STU4516_kl_300-200x300.jpg 200w" sizes="auto, (max-width: 250px) 100vw, 250px" /></figure>
</div>


<p> Moin,</p>



<p>so grüßt man sich hier in Ostfriesland, denn diese Region nenne ich seit über 45 Jahren mein Zuhause. </p>



<p>Viele fragen mich: &#8222;Wie bist du eigentlich zur Fotografie gekommen?&#8220;. Die Antwort darauf ist so ungewöhnlich wie das sprichwörtliche Pferd vor der Apotheke. Deshalb will ich Ihnen diese kleine Geschichte auch gerne erzählen: </p>



<p>Im Jahre 2008 stand der Kauf einer neuen Digitalkamera an, da die alte  einfach zu langsam für die gelegentlichen Knipsereien geworden war. In dem örtlichen Technikdiscounter zeigte man mir dann die verschiedenen Modelle und erklärte mir auch, dass eine Spiegelreflexkamera viel zu kompliziert für mich wäre. Als damals vertrauensvoller und ahnungsloser Kunde glaubte ich dem freundlichen Verkäufer und konnte so bald eine Panasonic FZ18 mein eigen nennen. Eine schöne Kamera mit vielen bunten Einstellungsmöglichkeiten,  Motivprogrammen, Automatiken und so interessanten Sachen wie &#8222;P&#8220;, &#8222;A&#8220;,  &#8222;S&#8220; und &#8222;M&#8220;. Eine gewaltige Verbesserung im Vergleich zu meiner alten E2000 von  Nikon (wer möchte, kann ja mal danach im Internet suchen). </p>



<p>Ich hielt nun eine tolle neue Kamera in den Händen und merkte, dass ich, als nicht ausgebildeter Fotograf,  damit eigentlich gar nicht umgehen konnte. Es folgte eine Lektüre, die sich als &#8222;Zünder&#8220; für mein jetziges Hobby entpuppte. In diesem Buch standen so schöne  Sachen wie &#8222;Schärfentiefe&#8220; und &#8222;Bildkomposition&#8220;. Darüber wollte ich mehr erfahren. Es folgten weitere Buchkäufe und auch eine gebrauchte DSLR, die ja für mich, entsprechend der Aussage des damaligen Verkäufers, eigentlich viel zu kompliziert war. </p>



<p>Das Gegenteil hat sich ergeben. Seit 2010 fotografiere ich mit der Ausrüstung von Nikon, Sigma und Metz Personen, Dinge und bei Events wie zum Beispiel Hochzeiten. Ein kleines eingerichtetes &#8222;Studio&#8220; habe ich parallel auch aufbauen können.</p>



<p>Soviel zu der Frage, wie ich zur Fotografie gekommen bin.</p>



<p></p>

<p>Moin, so grüßt man sich hier in Ostfriesland, denn diese Region nenne ich seit über 45 Jahren mein Zuhause. Viele fragen mich: &#8222;Wie bist du eigentlich zur Fotografie gekommen?&#8220;. Die Antwort darauf ist so ungewöhnlich wie das sprichwörtliche Pferd vor der Apotheke. Deshalb will ich Ihnen diese kleine Geschichte auch gerne erzählen: Im Jahre 2008 [&hellip;]</p>
